s -111 + -101202012?
-101202200
In base 16, what is -13fc - -127?
-12d5
In base 15, what is -2a731 + 2?
-2a72e
In base 4, what is -10 - 22113113?
-22113123
In base 13, what is 12118a - 7?
121183
In base 11, what is -96137 + 22?
-96115
In base 13, what is 10 - 5197?
-5187
In base 15, what is -8 + -4034?
-403c
In base 15, what is 69 - 2a57?
-29dd
In base 8, what is 2 - -405432?
405434
In base 12, what is 4953 - 1?
4952
In base 8, what is 0 + 12350?
12350
In base 3, what is 1100102 - 1201222?
-101120
In base 2, what is -1011010 + 1001100001?
1000000111
In base 13, what is -219 + 112?
-107
In base 15, what is e13 - -2?
e15
In base 13, what is -3b232 + 4?
-3b22b
In base 13, what is -5 - -260?
258
In base 6, what is -11141 + -13530?
-25111
In base 12, what is -870 - 2177?
-2a27
In base 4, what is 10 - -10022333?
10023003
In base 15, what is 5 + 3ed?
403
In base 3, what is 1201122 + 10011212?
11220111
In base 9, what is 17 - -35684?
35712
In base 11, what is -402 - 1?
-403
In base 15, what is 1355 - -11b?
1471
In base 8, what is 2331 - 24?
2305
In base 12, what is -150a0 + -5?
-150a5
In base 3, what is 1221101 + 201101?
2122202
In base 15, what is -166d8 + 1?
-166d7
In base 10, what is -3 - -87522?
87519
In base 11, what is aa - 3788?
-3689
In base 13, what is -882c + -4?
-8833
In base 13, what is 2110 - -2?
2112
In base 11, what is 5 + 37070?
37075
In base 5, what is -10 + 12440?
12430
In base 2, what is 1110101100 - 100111100011?
-11000110111
In base 5, what is -3 + -10100?
-10103
In base 16, what is -24 + 638?
614
In base 4, what is -223101 - 33131?
-322232
In base 16, what is 22 - 2d1a?
-2cf8
In base 5, what is 22221 + 331?
23102
In base 5, what is 300033 + -32?
300001
In base 11, what is -1061 - 20a?
-1270
In base 14, what is -b4 - -b5b?
a87
In base 11, what is 2275 + 1?
2276
In base 3, what is -11 + -22102112?
-22102200
In base 11, what is 70 - -9?
79
In base 8, what is 240 - 5034?
-4574
In base 11, what is 1 - 8966?
-8965
In base 16, what is 44 - b64?
-b20
In base 15, what is 1 + 10032?
10033
In base 16, what is -3 - -7de4?
7de1
In base 7, what is -634654 - -16?
-634635
In base 16, what is 276 - 46?
230
In base 7, what is 2044033 + -1?
2044032
In base 2, what is 1110110100000001 - -11?
1110110100000100
In base 13, what is -b + 219c2?
219b4
In base 11, what is 77 - 47?
30
In base 13, what is -76 - -1b7?
141
In base 11, what is -4082 + -22?
-40a4
In base 8, what is 3624 + -112?
3512
In base 4, what is -1221020 - -2?
-1221012
In base 8, what is -15670 - -3?
-15665
In base 16, what is 57 + 40c?
463
In base 13, what is -b53b7 - 4?
-b53bb
In base 8, what is 1525 + 151?
1676
In base 2, what is -1111000010000010001 + -101?
-1111000010000010110
In base 10, what is 77831 + -7?
77824
In base 3, what is 121 - -12122022?
12122220
In base 10, what is 1 - 700226?
-700225
In base 11, what is 0 - -166a5?
166a5
In base 16, what is 15c98 + 3?
15c9b
In base 5, what is 231 + 2300?
3031
In base 11, what is -3a + -562?
-5a1
In base 2, what is -100110001001100 - 100100?
-100110001110000
In base 3, what is -100022102 - 212?
-100100021
In base 6, what is -5 + -43152?
-43201
In base 12, what is -1 + -12206?
-12207
In base 3, what is -2 + -212202220000?
-212202220002
In base 16, what is 1 + -39fbc?
-39fbb
In base 5, what is 32 + -1042?
-1010
In base 10, what is 2784641 - -1?
2784642
In base 2, what is 10100 + 1001001001?
1001011101
In base 6, what is -25233012 - 5?
-25233021
In base 6, what is 5 + 443050?
443055
In base 4, what is 3321 + -13112?
-3131
In base 5, what is -3230 + 430?
-2300
In base 6, what is 40511 - -2?
40513
In base 9, what is -221 - 1887?
-2218
In base 6, what is 44441 - 320?
44121
In base 10, what is 0 - -75861?
75861
In base 4, what is -20313 - 311?
-21230
In base 3, what is -1021002 + -111012?
-1202021
In base 15, what is -2ce0 - -5?
-2cda
In base 14, what is -6a7a3 + -1b?
-6a7c0
In base 5, what is 10133 - 143?
4440
In base 10, what is 10 + -5781?
-5771
In base 3, what is 11001 - 202210?
-121202
In base 3, what is -2100200 + 12020?
-2011110
In base 4, what is -333322230 - 0?
-333322230
In base 4, what is -21 + 2103131?
2103110
In base 11, what is -29477 - a?
-29486
In base 4, what is 113 - 2203133?
-2203020
In base 16, what is -4f - 8e0d?
-8e5c
In base 15, what is -1587 + 3?
-1584
In base 10, what is 1058054 + -4?
1058050
In base 12, what is 3 - -28a08?
28a0b
In base 14, what is -5 + -a797?
-a79c
In base 11, what is -40a7 + -3?
-40aa
In base 4, what is 30 - -1000320112?
1000320202
In base 5, what is 30 - 124321?
-124241
In base 12, what is 1ab + 185?
374
In base 10, what is -4 - 517?
-521
In base 4, what is 1311 + 232310?
300221
In base 2, what is 11010000110 - 1?
11010000101
In base 7, what is -640403 + -2?
-640405
In base 3, what is 100020211 + -11?
100020200
In base 9, what is -385 - -172?
-213
In base 12, what is -32 + -207b?
-20b1
In base 4, what is -1312 + 2?
-1310
In base 4, what is -2 + 3201020?
3201012
In base 13, what is -5 - 56477?
-5647c
In base 4, what is 1210 - 133?
1011
In base 15, what is -db0 - 5?
-db5
In base 4, what is -33001320 + 1000?
-33000320
In base 4, what is -2232 + 3101?
203
In base 8, what is 1317 + 141?
1460
In base 12, what is 1636a - -3?
16371
In base 12, what is -501b1 + -2?
-501b3
In base 14, what is -2 + -a6821?
-a6823
In base 4, what is -10 - 103102002?
-103102012
In base 8, what is 15535 - -1?
15536
In base 15, what is 4 - -ae69?
ae6d
In base 10, what is 192 + -133?
59
In base 4, what is -3102212 + -11?
-3102223
In base 3, what is 111200101010 - 12?
111200100221
In base 4, what is -220 + 3112?
2232
In base 12, what is -3 + 1b8a?
1b87
In base 6, what is -12312 - -311?
-12001
In base 5, what is -1 - 1301022?
-1301023
In base 2, what is -10110111001100110 - 11?
-10110111001101001
In base 2, what is -10000011000001 - -1111?
-10000010110010
In base 7, what is 33226 - 1?
33225
In base 16, what is -17d5f + 2?
-17d5d
In base 7, what is -421 + 1515?
1064
In base 4, what is -101020 - -1?
-101013
In base 16, what is e - 221?
-213
In base 13, what is -3c3 + 207?
-1b9
In base 7, what is -13006 - -5?
-13001
In base 10, what is 4433 + 0?
4433
In base 11, what is 70 - 19533?
-19473
In base 6, what is 41 - 2530?
-2445
In base 14, what is -4 + -d04cb?
-d04d1
In base 11, what is -6 + -516?
-521
In base 11, what is -1aa2299 + 1?
-1aa2298
In base 12, what is 3 - -42a73?
42a76
In base 10, what is 1713 + -27?
1686
In base 7, what is 22 + -1552?
-1530
In base 15, what is -2b7 + -527?
-7de
In base 15, what is -15a9c + 5?
-15a97
In base 7, what is 2300 - -31?
2331
In base 2, what is -111111 + -10001101011000100?
-10001101100000011
In base 9, what is -34043 + -4?
-34047
In base 2, what is -10011111000 + -1101011?
-10101100011
In base 16, what is 0 + a0b3b?
a0b3b
In base 10, what is -75573 - 6?
-75579
In base 13, what is -1483 - -7b?
-1405
In base 11, what is -5 + 25731?
25727
In base 4, what is 100131 - -10212?
111003
In base 12, what is 33612 + 2?
33614
In base 6, what is -53301433 + -3?
-53301440
In base 7, what is 10 - -23232?
23242
In base 12, what is 24 + 2604?
2628
In base 3, what is -111 + -2011210?
-2012021
In base 9, what is 3 + -18775?
-18772
In base 9, what is 0 - -212374?
212374
In base 7, what is -10201 - 4?
-10205
In base 10, what is -799 + -3?
-802
In base 14, what is -22d4 - -3?
-22d1
In base 7, what is -32 + -1261?
-1323
In base 9, what is 3 + 17318?
17322
In base 13, what is -4 - -266bab?
266ba7
In base 12, what is -164 + 13a3?
123b
In base 4, what is -33 + 213033?
213000
In base 12, what is 0 - -67b5?
67b5
In base 9, what is -2287 + 21?
-2266
In base 9, what is 0 - 346855?
-346855
In base 15, what is 5 + 3044?
3049
In base 2, what is -110010101110 - -11011000?
-101111010110
In base 4, what is 23021 + 2100?
31121
In base 3, what is 20 + 11001100011?
11001100101
In base 5, what is 42 - 104020?
-103423
In base 16, what is 61f - 2?
61d
In base 16, what is 1 + -394f?
-394e
In base 2, what is -10 + -11001000110001?
-11001000110011
In base 5, what is -3224020113 + 10?
-3224020103
In base 8, what is 1 + -60555?
-60554
In base 8, what is 610 + 500?
1310
In base 9, what is 8004 + -1072?
6822
In base 16, what is -5e7ac + 2?
-5e7aa
In base 5, what is 4 - 1400103?
-1400044
In base 5, what is 10213022 + -11?
10213011
In base 7, wha